613. Let x be i/(-56) + (-2)/(-8). Let w(t) = -4 - 2 + 6*t**2 + t**x - 2*t - 2*t + 11. What is w(-7)?
-16
Let h(g) = -g**3 + 15*g**2 - 22*g + 2. Let a be h(4). Let t(c) = 90*c - 182*c + a*c + 10. Give t(6).
-2
Let n(g) = -120*g + 244*g + 20 - 125*g + 4. Determine n(-4).
28
Let z = -47 - -58. Suppose -5*d + z = -4. Suppose -3*y - d = 4*s, -5*s + 5*y - 11 = -51. Let r(m) = 2*m**2 - 4*m + 2. Determine r(s).
8
Suppose -i = -3*i + 5*i. Suppose -4*a - 12 + 44 = i. Let q(u) = -a*u - u + 3*u + 2*u**2. What is q(4)?
8
Suppose -7*a + 2*a = -25. Suppose 4*y = a*x + 21, y + 9 = -x + 3*y. Let f(u) = -9*u + 1. Let m(i) = 9*i - 1. Let j(z) = 5*f(z) + 6*m(z). Determine j(x).
-10
Let o(b) be the third derivative of b**6/120 - b**5/30 + 2*b**3/3 - b**2 + 2*b - 1553. Determine o(3).
13
Let j(g) be the second derivative of -g**3/3 - 7*g**2/2 - 29*g + 3. Suppose 13 = 3*f + 4*c - 3*c, 5*c + 13 = -2*f. Calculate j(f).
-19
Let w be (-5)/((-275)/980) + (-4)/(-22). Let y(f) = -w*f + 1 + 3*f + 9*f + 7*f. What is y(-4)?
-3
Let k(v) = -1 - 14*v**2 + 0 - 8*v**2 + 28*v**2 + 3*v - 5*v**2. Calculate k(-13).
129
Let x(m) be the third derivative of m**6/120 + 7*m**5/30 + 11*m**4/24 - 19*m**3/6 + 46*m**2. Let f be x(-13). Let b(y) = 165 + f*y - 165. What is b(1)?
7
Let g(c) = 14*c**2 + 9*c + 5. Let j(f) = -5*f**2 - 3*f - 2. Let s(w) = w**2 + 27*w + 144. Let y be s(-7). Let l(h) = y*g(h) + 11*j(h). Determine l(3).
16
Suppose -42*s + 203*s = 114*s - 94. Let k be (6/15)/(2/(-10)). Let n(p) = p**2 - 5*p + 1. Let m(t) = t**2 + 1. Let y(z) = k*m(z) + n(z). What is y(s)?
5
Let f(z) = -z**3 + 6*z**2 - 4*z - 9. Let c be f(0). Let n(t) = t**3 + 10*t**2 + 10*t + 10. Determine n(c).
1
Let k(s) = -6*s - 5. Let h(o) = -20*o - 27. Let p(b) = h(b) - 4*k(b). What is p(9)?
29
Let i(s) = -8*s**3 + s**2 - 12*s - 9. Let h be i(-4). Let l = h - 563. Let u(x) = 5*x - 6. Determine u(l).
14
Let c be 76/(-171) - (-314)/18*1. Let n(x) = x**2 - 10*x - 37. Calculate n(c).
82
Let s(n) = -n - 11. Let b(v) be the third derivative of v**4/24 - 5*v**3/6 - 67*v**2. Let x be b(-5). Give s(x).
-1
Suppose -895 = 3*r - 2443. Let t(i) = r - 521 + i - 2*i. Give t(-6).
1
Let g(m) = -m**3 - 5*m**2 - 6*m - 6. Suppose -9*v + 2 = 56. Let d(b) = -2*b**2 - 4*b + 44. Let f be d(v). Calculate g(f).
2
Suppose 13*m = -2*m + 45. Let o(a) = -5*a - a - m + a**2 + 8*a - 3*a. What is o(4)?
9
Let z(u) = -21*u + 57. Let i(x) = x**3 + 29*x**2 + 2*x + 61. Let g be i(-29). What is z(g)?
-6
Suppose 0 = -24*n + 19 - 259. Let q(i) = 2*i**2 + 17*i - 59. Determine q(n).
-29
Let h(i) = -i - 5. Let t = -95 - -88. Let s(y) = -2*y**2 - 13*y + 1. Let x be s(t). Give h(x).
1
Let y(n) = -n**2 - 13*n + 889. Let z be y(24). Let h(c) = -111*c - 1. Calculate h(z).
-112
Let s(p) = p + 11. Let t be 98*(-4)/(8/(-1)). Let b be t/1 - -3 - 1. Suppose 4*w = -y - 19, -5*y + w - b = -w. Determine s(y).
0
Suppose -4*q + 4*i + 0*i = 68, -4*i + 46 = -3*q. Let t be 4 + 0 - (-88)/q. Let r(s) = s - 9. Determine r(t).
-9
Suppose 0 = 2*x - 4*f + 8, 0 = 83*x - 84*x + 4*f - 6. Let a(k) = -k**3 - 3*k**2 - 9*k - 10. What is a(x)?
4
Suppose -6*b + 20 = 4*b, -i - 4*b = -18. Let j(y) be the third derivative of y**4/12 - 13*y**3/6 - y**2. Calculate j(i).
7
Suppose 3*a = a + 8. Let q(f) be the first derivative of -f**4/12 + 3*f**3/2 - 3*f**2 + 86*f + 24. Let o(s) be the first derivative of q(s). Determine o(a).
14
Let b(m) = -m**2 + m - 1. Let r = 61 + -41. Suppose -11*j = -j + r. Let q be (j/(-4))/(3 - 77/28). Determine b(q).
-3
Let v(f) be the third derivative of f**4/24 - f**3/3 - f**2 + 19*f. Let c(t) = t**3 + 4*t**2 - t + 62. Let w be c(-6). What is v(w)?
-6
Let u(b) = -b**2 - 7*b - 1. Let m(z) = 7*z**2 + 62*z + 54. Let i(a) = -m(a) - 8*u(a). Calculate i(11).
9
Let v(r) = -2*r**2 - 2*r + r**3 + 2*r + 4*r + 1 - 7*r. Suppose 0 = 3*i - 4*u + 23, -5*u = -3*i - 0*i - 28. Let w = 2 - i. Give v(w).
1
Let d(p) = -40*p**3 - 19*p**2 - 29*p - 94. Let n(t) = 9*t**3 + 5*t**2 + 7*t + 24. Let r(a) = 2*d(a) + 9*n(a). What is r(-7)?
-7
Suppose -723 - 86 = -5*w - k, -314 = -2*w + 2*k. Suppose -16*c + w = -39*c. Let q(t) = -t + 7. What is q(c)?
14
Let t(r) = -r**3 + 5*r**2 + r - 7. Let g be t(5). Let p = -2 - -5. Let c(d) = 136*d**p - 65*d**3 + d**2 - 72*d**3 + 3*d + 3. Determine c(g).
9
Let p(a) = -9*a**2 + 40*a + 2. Let h(i) = -7*i**2 + 36*i + 3. Let g(w) = 4*h(w) - 3*p(w). Calculate g(25).
-19
Let c(y) = 10*y**2 - 28*y - 152. Let n(m) = -17*m**2 + 46*m + 253. Let v(k) = -12*c(k) - 7*n(k). Determine v(17).
2
Suppose 10*i - 61 = 4*i - 5*g, 0 = -i - 4*g + 7. Let y(c) = 2*c**2 - 30*c + 89. What is y(i)?
1
Let m(o) = o + 3. Let u(r) be the first derivative of -7*r**2/2 - 21*r - 177. Let w(a) = 6*m(a) + u(a). Calculate w(-8).
5
Let v = 11182 - 11189. Let h(s) = s**3 + 8*s**2 + 8*s - 5. Determine h(v).
-12
Let w(i) be the second derivative of -i**7/630 - i**6/180 - i**5/120 - 55*i**4/4 + i**2/2 - i + 47. Let g(r) be the third derivative of w(r). Determine g(-2).
-9
Let y be (6/9)/(2/3). Let x(q) be the third derivative of -2*q**2 - 1/30*q**5 - 1/6*q**3 - 14 + 0*q + 0*q**4. Determine x(y).
-3
Let y(r) = -r + 6. Let t be y(-3). Let d(n) = -2*n**2 + 3*n + 1. Let i(o) = 9*o**2 - 6*o + 7. Let h(j) = 5*d(j) + i(j). Give h(t).
12
Let d(y) be the first derivative of 1/3*y**3 + 129 - 4*y + 1/2*y**2. Let o = -1 - -1. Calculate d(o).
-4
Let q(c) = c**3 + 3*c**2 + 1. Let f be q(-2). Suppose 0*l + 10 = -f*l. Let r(w) = 5*w + 1. Determine r(l).
-9
Let t = -283 - -286. Let g(p) = -p - 143*p**2 + p**3 + 71*p**2 - 1 - 3*p**t + 69*p**2. Determine g(-2).
5
Let d(v) = 159*v - 482*v + 158*v + 57 + 161*v + 72. Give d(38).
-23
Suppose -25065*x + 25075*x - 70 = 0. Let r(z) = z**3 - 7*z**2 - z + 9. What is r(x)?
2
Let u(b) be the second derivative of -17*b**3/3 + 77*b**2/2 - 5*b + 727. What is u(2)?
9
Let m(k) = 25*k + 1. Let b(d) = -d**3 + 10*d**2 + 9*d + 17. Let g be b(10). Let c = g + -108. Determine m(c).
-24
Let v(w) = w**3 + 9*w**2 + 16*w. Let p = 12478 - 12485. Determine v(p).
-14
Let y(o) be the third derivative of 0 + 2*o - 1/120*o**6 - 1/2*o**3 - 5/24*o**4 - 127*o**2 + 1/12*o**5. Suppose 4 = 4*u - 12. Determine y(u).
-7
Let n = -15 - -7. Let t(u) = 4*u**3 + 12*u**2 + 15*u + 3. Let w be 1/3*6*-4. Let p(c) = 11*c**3 + 35*c**2 + 43*c + 8. Let a(o) = w*t(o) + 3*p(o). Give a(n).
-8
Let j(t) = 11*t**3 - 3*t**2 + 36*t + 36. Let v(m) = 24*m**3 - 5*m**2 + 72*m + 77. Let n(f) = -13*j(f) + 6*v(f). Determine n(-12).
-6
Suppose 4*c + 4 - 16 = 0, -5*m - 3*c + 74 = 0. Let r(h) = 2*h**2 - 27*h + 16. Calculate r(m).
3
Let a(t) = 11*t**2 + 7*t + 38. Let g(b) = -5*b**2 - 3*b - 18. Let w(m) = -6*a(m) - 13*g(m). What is w(-3)?
6
Let k(d) = -d**3 - d**2 - d + 12. Let z = 104 + -99. Suppose z*u + 0*g = -3*g, 5*g = -4*u. Calculate k(u).
12
Let n(h) = -17*h**2 + h. Let f(r) = -r**3 - 20*r**2 - 30*r + 87. Let s(q) = f(q) - 3*n(q). Give s(30).
-3
Let l(u) be the first derivative of -u**4/4 + u**3 + 5*u**2/2 - 7*u - 1168. Calculate l(3).
8
Let z(u) = u**3 - 3*u**2 - 5. Let o be z(5). Suppose 0 = 9*b - 1674 + 1278. Let a = o - b. Let k(t) = 6*t. Calculate k(a).
6
Let q(j) = 2*j**2 + 6*j - 14. Let s be 18/(-207) + (-136)/23. Determine q(s).
22
Let a(v) be the second derivative of v**5/10 - 15*v**4/4 + 21*v**3/2 - 1742*v. What is a(21)?
0
Let s(p) = 10814 - 10813 + p + 0*p + 2*p. Let q(m) = m**2 + 8*m + 6. Suppose 7*v + 14 = 5*v - r, -4*v - r - 28 = 0. Let g be q(v). Give s(g).
-2
Suppose 0 = 20*m + 105 - 265. Let z(j) = -j**3 + 8*j**2 - 2*j + 3. Determine z(m).
-13
Let x(b) = -20*b**2 + 6*b + 26. Let n(y) be the second derivative of 9/2*y**2 + 1/3*y**3 + 0 + 6*y - 7/12*y**4. Let t(l) = 17*n(l) - 6*x(l). Determine t(5).
12
Suppose -4*g + 3*b + 98 = 24, 5*b - 10 = 0. Suppose 6*f = -50 + g. Let d(k) = 8 + 1 + 6*k - 2 - 2 + k**2. What is d(f)?
0
Let m(n) = -n - 3. Let a(d) = d**3 - 17*d**2 - 16*d - 40. Let x(k) = 32*k + 5. Let p be x(6). Suppose p = 4*s + 125. Let v be a(s). What is m(v)?
1
Let y(r) = 2*r + 2. Let g be 1/(-1)*(2 - 5). Let z = -9788 - -9792. Suppose 5*f - 5 = 5*v + z*f, -4*v + f - g = 0. What is y(v)?
-2
Let w(d) = -934 - 197 - 114*d + 49*d + 33*d + 53*d. Give w(54).
3
Let d(u) = -35*u**3 + 7*u**2 + 9*u. Let f(j) = 10*j**2 + 12*j**2 + 18*j**3 - 5*j - 34*j**2 + 8*j**2. Let q(x) = 4*d(x) + 7*f(x). Calculate q(-1).
13
Let z(j) =